 39 = 6*b - z*b. What is the units digit of b?
3
Let z(m) = -m**2 + m + 1. Let a(s) = 5*s**2 - 14*s - 6. Let r(v) = a(v) + 6*z(v). Let y be r(-6). Let k = -3 + y. What is the units digit of k?
9
Suppose 2*r = 14 - 4. Suppose -2*h - 144 = -r*c, 4*c - 114 = -0*h + h. What is the tens digit of c?
2
Suppose 0 = h + 44 - 147. What is the hundreds digit of h?
1
Let a = 19 - 33. Let s = a + 33. What is the units digit of s?
9
Let i(v) = v**3 - 5*v**2 + 3*v + 5. Let b be i(4). Let o = b - -6. Let l = -6 + o. What is the units digit of l?
1
Let w(j) = j**2 - j + 3. Let l = 0 + 0. Let g be w(l). Suppose 3*d - g*t - 12 = 0, 0*t + 12 = 3*d - t. What is the units digit of d?
4
Let s(t) = t**2 - 4*t - 4. Let w be s(5). Suppose -10 + w = -3*v. Suppose -1 = -3*d - 5*b + 56, 4*b - 54 = -v*d. What is the units digit of d?
4
Suppose -2*f = -6, 5*f = 2*n + 4*f - 279. What is the units digit of n?
1
Suppose 2*s - 32 = 6*s. Let h = s - -18. What is the tens digit of h?
1
Let t = 11 - 7. Let h(q) = -q**2 + 6*q - 5. Let n be h(t). What is the units digit of n/((-45)/(-6))*10?
4
What is the units digit of (-39)/13 - (1 + -1 + -165)?
2
Suppose 0 = 3*a - h - 511, -5*h = -6*h - 4. What is the units digit of a?
9
Let z(r) = 2*r**2 + 5*r + 1. What is the tens digit of z(-5)?
2
Let i be (-10)/4*1224/(-17). Suppose -k = 4*k - i. What is the tens digit of k?
3
Let c = 1 + -1. Suppose -4*b + 9 = -b + 5*p, p + 3 = c. What is the units digit of b?
8
Suppose -4*z + 0*z - 12 = 0. Let d = z + 6. Suppose 22 = -d*w + 5*w. What is the tens digit of w?
1
Suppose 0*i - 3*b - 7 = 2*i, i - 16 = 5*b. What is the units digit of 1 - (3 + -3)*i?
1
Suppose -24*b = 356 - 3596. What is the hundreds digit of b?
1
Let o(r) = -2*r**3 + 3*r + 4. What is the units digit of o(-3)?
9
Let c = 259 + -175. What is the units digit of c?
4
What is the tens digit of 8/4 - 0 - -34?
3
Let m = 53 + -25. What is the units digit of m?
8
Suppose g - 5 = -1. Let j = -2 + g. Suppose j*p - 6 = -0*p. What is the units digit of p?
3
What is the tens digit of (1 - -7)/(1/5)?
4
Let k be (-2 - -6) + 2 + 14. Suppose -3*z - k = -4*z. What is the units digit of z?
0
Suppose 0 = 2*h - 7*h + 4*r + 512, 4*h + 2*r = 420. Suppose 4*l - 2*g - h = 0, -l + 121 = 4*l + 2*g. What is the tens digit of l?
2
Suppose 5*d - 184 = 2*d + n, 2*n = 10. What is the units digit of d?
3
Suppose 0*d = -d + 5. Let m be (0/d)/(1/1). Suppose 4*o = -m*o + 32. What is the units digit of o?
8
Suppose -6*d + j + 129 = -4*d, 4*j = -d + 87. What is the units digit of d?
7
Let x(u) = -u**2 - 6*u + 2. Let v be x(-6). Let f(k) = -k**2 + 4*k + 7. Let h be f(5). Suppose -o + h*n + 3 = -2, -v*o + 19 = 5*n. What is the units digit of o?
7
Let s = -11 + 15. Suppose s*j + j = 45. What is the units digit of j?
9
Let n = -102 + 178. What is the tens digit of n?
7
Suppose -6*u = -2*u - 8. Let l be 27/4 + u/8. Suppose -l*a + 2*a = -40. What is the units digit of a?
8
Suppose a = 4*a - 12. Let l be a/(-16) - (-358)/(-8). Let v = -27 - l. What is the tens digit of v?
1
Suppose 305 = 5*u - 0*u. What is the units digit of u?
1
What is the units digit of (-2)/9 - 1772/(-36)?
9
Let n = -44 - -230. What is the units digit of n?
6
Let a = 30 - 19. What is the tens digit of a?
1
Let q(r) = 2*r**2 + r + 9. What is the units digit of q(4)?
5
Suppose -3*r + 5*c + 155 = 0, 2*r - 277 = -3*r - c. What is the tens digit of r?
5
Suppose 5*y = 509 + 346. What is the tens digit of y?
7
Let a = 57 - 37. Suppose -2*n + 3*g + 12 = -n, a = -2*n - 5*g. What is the units digit of 0/(-3) - (-2 + n)?
2
Let m = 1 + 7. Let j = -15 + m. Let u = j + 13. What is the units digit of u?
6
Suppose 0 = -3*z - 2 + 11. Suppose -z*q - q = -2*g + 20, -45 = -2*g - q. What is the tens digit of g?
2
Suppose 5*f - 28 = 147. What is the tens digit of f?
3
Let g(z) = -z**2 + 4*z - 3. Let n be g(3). Let c(i) = i + 10. Let q be c(n). Suppose 54 = 4*o + q. What is the tens digit of o?
1
Let v = -42 - -265. What is the hundreds digit of v?
2
Let u = 71 + -36. What is the units digit of u?
5
Let h(k) = -24*k - 5. What is the hundreds digit of h(-6)?
1
Suppose 0 = -3*x - 10 + 31. What is the units digit of x?
7
Let d(g) = -3*g - 7. Let q be ((-9)/(-12))/(1/4). Let z(u) = u**2 - 5*u. Let x be z(q). What is the units digit of d(x)?
1
Let r(b) = b**2 - b + 3. Let z be r(0). What is the tens digit of (-5)/15 - (-34)/z?
1
What is the units digit of 4/(-16) - 154/(-8)?
9
Let a(d) = -2 - 3*d + 2*d + 1. Let v be a(-2). Let s = 9 - v. What is the units digit of s?
8
Let i(h) be the first derivative of -h**3/3 - 17*h**2/2 + 9*h - 3. What is the units digit of i(-17)?
9
Let j be 2 - (0 + 0 + -1). Suppose 0*a + j*x - 2 = -2*a, 0 = -5*a + 3*x + 5. Suppose -2 = -h - a. What is the units digit of h?
1
Let g(f) = 3*f**2 + 8*f - 2. What is the tens digit of g(-12)?
3
Suppose -2*j + 32 = -j. What is the tens digit of j?
3
Suppose 0 = v + 3*v - 40. Let w = 17 - v. What is the units digit of (-158)/(-14) + (-2)/w?
1
Let i = -36 - -54. Let x = i - 1. What is the tens digit of x?
1
Let i(c) = c + 3. Let j be i(0). Suppose 3*f = 5*f - 4*z + 12, 0 = -3*f + 4*z - 10. Suppose -3*y + 16 = f*x, -3*y + 14 = j*x - y. What is the units digit of x?
2
Let h be (-11)/1*(1 - 0). Let s be -5*((-3)/(-1) + h). What is the units digit of s/(-12)*9/(-6)?
5
Let l(o) = 6*o**2 - 4*o + 3. What is the units digit of l(4)?
3
Let p = -401 - -781. What is the units digit of p?
0
Let p = 5 + -9. Let i = 18 + p. What is the units digit of i?
4
Suppose 0*w - 4 = 4*w. Let f be w*(-2 + -2 + -1). Let i = f + 2. What is the units digit of i?
7
Let j = 125 + -52. What is the tens digit of j?
7
Suppose -2*q = 4*g, 2 - 4 = 4*g + 3*q. What is the units digit of g?
1
Let u be (1 - -1)/(2/5). Suppose 8 + 37 = u*j. What is the units digit of j?
9
What is the units digit of (-16)/(-3)*(-99)/(-4)?
2
Let c = 1 + -1. Let l be 12*(4/3)/4. Suppose c = p + 2 - l. What is the units digit of p?
2
Let h = -6 + 8. What is the units digit of h?
2
Suppose 0 = 2*w - 0*c - 4*c + 8, -w = -c. Suppose w*f - 217 = -89. What is the tens digit of f?
3
Let j be (1/2)/((-2)/16). Let q = 41 + -35. What is the tens digit of (q + -2)/((-1)/j)?
1
Let f(x) = 13*x**2 - x - 2. What is the tens digit of f(-1)?
1
Let w = -4 - -6. Let h(v) = -v + 7. Let b be h(4). Suppose 0 = w*q - 5*g, b*g = 4*g - 2. What is the units digit of q?
5
Let p be (-2)/(2 - 0) - 3. Let q = p - -4. Suppose 4*g + q*g - u = 19, -23 = -4*g - 3*u. What is the units digit of g?
5
Let q = 9 + -5. What is the tens digit of -3*q/4 + 32?
2
Let l(y) be the second derivative of y**4/12 - y**3/6 - y. Let u(x) = -5*x**2 + 12*x - 7. Let q(s) = -6*l(s) - u(s). What is the units digit of q(-6)?
7
Let i = 3 + -1. Suppose -47 - 17 = -i*p. What is the tens digit of p?
3
Let t(x) = -5 + 0*x**2 - 2*x - x**3 + 0 - x**2 - 3*x**2. What is the units digit of t(-4)?
3
Let v be 7 - 1*(-1 + 2). Suppose 2*g + 6 = 0, 4*j + v*g - 2*g - 4 = 0. What is the units digit of j?
4
Suppose 4*r - 3 = 1. Suppose n = 13 - r. What is the units digit of n?
2
What is the hundreds digit of 2 + 40/(-22) + 1109/11?
1
Suppose -3*f + 2 = -4*f. Let i = 14 + f. What is the units digit of i?
2
What is the units digit of 3/((-99)/6) - (-2554)/11?
2
Let y be -1 - -76 - (-3)/3. Suppose 3*x = -x + y. What is the tens digit of x?
1
Let z be (-20)/(-8)*12/10. Suppose -z*t + t = -50. Suppose -t + 95 = 5*o. What is the tens digit of o?
1
Suppose 61*w = 60*w + 49. What is the tens digit of w?
4
Let o(c) = -c**3 + c + 2. Let w be o(-3). Let n = w + -9. Suppose -3*u + n = -7. What is the units digit of u?
8
What is the units digit of -4 + 4 - (5 - 75)?
0
Let m(d) = d**3 - 4*d**2 - 6*d + 4. Let j be m(5). What is the units digit of j*(-2)/(6/21)?
7
Suppose 2*f - a = -4, -7*f - 12 = -3*f - 3*a. Suppose p = -f*p + 24. What is the tens digit of p?
2
Let f(r) = -23*r - 47. What is the tens digit of f(-7)?
1
Let f(n) = 40*n**3 - 3*n**2 + n. What is the units digit of f(1)?
8
Suppose -x - 333 = -10*x. What is the units digit of x?
7
Let h(o) = -o - 18. Let p be h(0). Let y = p - -25. What is the units digit of y?
7
Let k = 132 - 77. What is the units digit of k?
5
Let q = -5 - -15. What is the units digit of q?
0
Suppose 3*m + 703 = 5*z, m + 3*m - 696 = -5*z. What is the units digit of z?
0
Suppose -7*